5). Let h be 7*(3 - 1)/q. List the prime factors of (-10)/(-35) + (-80)/h.
2, 3
Let g(z) = 2*z**2 - 6*z + 21. What are the prime factors of g(6)?
3, 19
Let y(a) be the second derivative of -5*a**3/2 - 2*a. Let h be y(-5). Suppose c = -4*c + h. List the prime factors of c.
3, 5
Suppose 3*m = -2*m + 730. What are the prime factors of m?
2, 73
Let u be (-2)/4*2/(-1). Let b = u - -3. Suppose -s - b*s = -55. List the prime factors of s.
11
Suppose 2*q + 63 = 11. Let s = q + 81. Suppose 6*n - n - s = 0. What are the prime factors of n?
11
Let k be (1*8)/((-24)/(-12)). List the prime factors of (-2)/k*-4 - -19.
3, 7
Suppose 0 = 3*w - 6. Suppose w*d - 7*d = -5*h + 45, 2 = -d. Let i = h + -2. List the prime factors of i.
5
Let s be ((-24)/(-18))/((-1)/(-3)). List the prime factors of (s + -7)/((-6)/28).
2, 7
List the prime factors of (-6)/21 + (1 - 1754/(-14)).
2, 3, 7
Suppose 0 = -5*t - 26 + 6. Let y(i) = -2*i + 8. What are the prime factors of y(t)?
2
Suppose -3*l - 11 = -4*z - 164, 5*l + z - 232 = 0. What are the prime factors of l?
47
Let p(l) = l**2 + 9*l + 6. Let y(o) = -o**2 + 4*o + 3. Suppose -3*h - 11 = -29. Let i be y(h). What are the prime factors of p(i)?
2, 3
Suppose 23 = 2*i - 9. List the prime factors of (i/(-6))/(2/(-6)).
2
Let n(g) = -g**3 + 5*g**2 + 7*g - 8. Let b be n(8). Let q be 3/(-12) - 29/(-4). List the prime factors of b/(-14) - 2/q.
2, 5
Let x(p) = p**3 - 6*p**2 + 7*p + 2. Suppose 3*d = -3*h - 0*d, -3*d - 5 = 2*h. What are the prime factors of x(h)?
2, 3
Suppose 4*f - 580 = 3*a, -f - 2*a + 290 = f. What are the prime factors of f?
5, 29
Let r = 272 - 134. Suppose 4*h - r + 6 = 2*j, 3*j = 0. List the prime factors of h.
3, 11
Suppose -5*t = 3*p - 26, 4*p + 5*t - 16 = 3*t. Suppose 0*s + p*s = 42. List the prime factors of s.
3, 7
Let c(t) = 3*t**3 - t**2 + t + 1. Let s be c(2). Suppose -s = 4*v - 103. What are the prime factors of v?
2, 5
Let x = -1 + 39. List the prime factors of x.
2, 19
Suppose -11 = -3*a - 4*d + 167, -96 = -2*a + 3*d. What are the prime factors of a?
2, 3
Let k = 15 - 13. Suppose 0 = k*p + 3*y + 6, p = -2*y + 2 - 7. What are the prime factors of p?
3
What are the prime factors of 12/8 + (-219)/(-2)?
3, 37
Let w(t) = t**3 + t**2 + 1. Let z(l) = -l**3 + 4*l**2 - 8*l - 3. Let v(x) = 2*w(x) + z(x). List the prime factors of v(-6).
47
Let a = -70 - -152. List the prime factors of a.
2, 41
Suppose -4*o + 44 = -0*o. Suppose c + 3 = o. List the prime factors of c.
2
Let u = 7 - 1. Suppose 0 = 2*m + m - u. List the prime factors of m.
2
What are the prime factors of ((-9)/(-15) + -1)/(6/(-510))?
2, 17
List the prime factors of 2 - (3 - (5 - -1)).
5
Let i(t) = t**2. Let m(v) = -v**3 + 3*v**2 + 5*v - 5. Let a(g) = 3*i(g) - m(g). What are the prime factors of a(4)?
7
Let k = 126 - 83. Let r = -25 + k. What are the prime factors of r?
2, 3
Let b = 21 - 15. Let u(o) = o**2 - 3*o - 5. Let t be u(b). Let q = t + -8. What are the prime factors of q?
5
Let u = -22 - -8. Let v be 1*-37*1 + 2. Let q = u - v. What are the prime factors of q?
3, 7
What are the prime factors of 1 - ((-2 - -3) + -3)?
3
Let k(l) = -2*l**3 - l**2 - 4*l - 6. List the prime factors of k(-5).
239
Let a = 3 + -2. Let n = a + -11. List the prime factors of (-3)/6*0 - n.
2, 5
Suppose -n - 8 = n, 23 = 3*p + n. Suppose -3*d - v - p = 0, 2*d + 0*v + 6 = 2*v. List the prime factors of 9/(-3)*(d - -2).
3
Let b be (4 - 3)*(1 - -2). Let f = 24 - b. Suppose -3*v + f = q, 3*v - 5*q + q = 21. What are the prime factors of v?
7
Let s(j) = j + 1. Let u be s(4). Suppose v + u - 35 = 0. Let z = v + -18. List the prime factors of z.
2, 3
Let h(u) = u**2 - u + 2. Let k be h(-2). Let c(j) = -9*j + 4. Let d be c(1). Let q = k + d. List the prime factors of q.
3
Let f = 65 + -4. List the prime factors of f.
61
Let d(x) = -x**2 + 15*x - 12. What are the prime factors of d(9)?
2, 3, 7
Suppose 4*o - 69 = -9. Let n be 2/5 + (-276)/o. What are the prime factors of (-3)/6*n - -1?
2, 5
Suppose -3*u - 16 = u, 4*x - 2*u = -28. Suppose 0 = r - 3*j - 2, 0 = 5*r - 4*j - 2 - 8. List the prime factors of -1*(r + x*1).
7
Let i = -100 - -141. What are the prime factors of i?
41
Suppose s - 218 = -5*g, 16*g - 18*g - 4*s + 80 = 0. List the prime factors of g.
2, 11
Let w be (-1 + -3)/((-4)/(-6)). Let q = 4 + w. Let a = q - -6. What are the prime factors of a?
2
Let r(w) = w**2 + 3*w - 1. Let t = -11 + 5. What are the prime factors of r(t)?
17
Let n be (-6)/(-21) + (-2)/7. Let w(c) = c**3 + 0*c**2 + 0 + 13 + 0*c**2. What are the prime factors of w(n)?
13
Let c(k) = -32*k + 72. What are the prime factors of c(-8)?
2, 41
Let m be (-2)/9 + (-141)/(-27). Suppose -13 = -2*j + m*c, -5*j = 2*c - 4*c - 43. What are the prime factors of j?
3
Let l = 98 - -19. What are the prime factors of l?
3, 13
Suppose -8*u + 317 + 315 = 0. List the prime factors of u.
79
Let z(q) = q**3 - 14*q**2 + 5*q + 16. Let j be z(14). Let i = 125 - j. List the prime factors of i.
3, 13
Let h = -5 + 5. Suppose h*w - 4*t + 80 = 5*w, -3*w + 11 = -5*t. What are the prime factors of w?
2, 3
Let x = -5 - 10. Let z = x + 34. What are the prime factors of z?
19
Let a = 9 + -4. Let o be 2/(-3*(-4)/240). Suppose -13 = -3*p - c - 1, 5*p - a*c - o = 0. What are the prime factors of p?
5
Suppose 0*v + 10 = -2*v. Let o = v - -7. List the prime factors of 21 - (6/o + 0).
2, 3
Let o(l) = -14 - 12*l + 10*l + 4. Suppose 2*r = n - 13, 10 = -2*r - 4*n - 18. What are the prime factors of o(r)?
2, 3
Let k(a) = a + 3. Let o be k(0). Suppose 5*g = o*j, 2*j - 7 = 2*g - g. What are the prime factors of ((-12)/(-5))/(g/10)?
2
Suppose 2*b = -2*m - 12, 7*b + 18 = 2*b - 2*m. Let p = b - -5. List the prime factors of p.
3
Let q(w) = -2*w + w**3 + 6*w - 1 - 9*w**2 + 5*w. List the prime factors of q(8).
7
Suppose -59*c + 57*c + 618 = 0. What are the prime factors of c?
3, 103
List the prime factors of (33/(-4))/((-4)/48).
3, 11
Suppose 0 = -6*m - 266 + 728. What are the prime factors of m?
7, 11
Suppose 0*w - 5*w = -375. Suppose -w = -2*f + 3*p, -5*f + 0*p = -2*p - 204. What are the prime factors of (1/2)/(3/f)?
7
Let p(b) = 2*b**2 + 7*b + 4. Suppose 3*f - 3 = 0, -3*k + 4*k + 2*f + 2 = 0. What are the prime factors of p(k)?
2
Suppose -4*t + 9*t = 5*k + 790, 2*t - 316 = 3*k. What are the prime factors of t?
2, 79
Suppose -5*t + 5*r + 100 = 0, 4*t - 3*r = 5*t - 8. List the prime factors of 2/(-8)*-4 + t.
2, 3
Suppose -w = c + 3, -w = 2*w + 2*c + 5. Let n be ((-4)/8)/(w/(-84)). Suppose -n = -4*u + 2*a, 0*u + a - 57 = -4*u. What are the prime factors of u?
13
Suppose 0 = -2*u - 39 + 67. List the prime factors of u.
2, 7
Let p(o) = -3*o + 7. Let a be p(-6). Let m = -17 + a. Let b = m + -3. What are the prime factors of b?
5
Let c(g) = 21*g - 3. Let s be c(2). Suppose -s = -3*o + 4*t - 2, 9 = o - 3*t. What are the prime factors of o?
3, 5
Let p = -17 + 45. Suppose -3*t + p = -7*t. List the prime factors of ((-23)/7 - -3)*t.
2
Let z = 0 - -6. Let h = z - 2. Suppose -h*u = -u - 15. What are the prime factors of u?
5
Let f(r) = r**2 - 9*r - 42. List the prime factors of f(18).
2, 3, 5
Let u = 97 + -22. List the prime factors of u.
3, 5
List the prime factors of 750/8*(-24)/(-6).
3, 5
Suppose -2*s = 2*m - 42, 5*m = 6*m - 2*s - 21. List the prime factors of (-46)/3*m/(-14).
23
Let p(j) = -j**3 + 15*j**2 - 7*j + 6. List the prime factors of p(7).
349
Let t be (4/(-3))/(2/(-6)). Suppose 0*u + u = h + 42, -u = -t*h - 51. List the prime factors of u.
3, 13
List the prime factors of 4/(-6) + ((-789)/(-9) - 1).
2, 43
Suppose 0 = -n - 3*n + 5*f + 182, -n = -3*f - 49. Suppose -37 - n = -5*p. What are the prime factors of p?
2
Let g = -15 + 9. What are the prime factors of 1/6 - 83/g?
2, 7
Suppose 0 = -5*a + 5, -3*a = -5*u + 262. Let h = u + -20. What are the prime factors of h?
3, 11
Suppose 4*c = 4*q, 3*c + 0*c + q = 20. Suppose i = c*i - 8. Suppose -3*y + 18 = 2*h + i, -3*y = 0. List the prime factors of h.
2
Let c(i) = i**3 - 7*i**2 + 2*i - 9. Let j be c(7). Let w = j + -55. What are the prime factors of w/4*12/(-15)?
2, 5
Let a(o) = -12*o**2 - 4*o + 8. Let x(m) = 3*m**2 + m - 2. Let c(r) = 2*a(r) + 9*x(r). Let n be c(-4). Suppose -2*k = -n - 2. What are the prime factors of k?
2, 11
Let r = -77 - -230. What are the prime factors of r?
3, 17
Suppose 0*g = -2*g + 6. Sup